{"id":10769,"date":"2024-08-27T17:21:23","date_gmt":"2024-08-27T17:21:23","guid":{"rendered":"https:\/\/famtraveltours.com.mx\/?post_type=product&#038;p=10769"},"modified":"2024-08-27T17:41:59","modified_gmt":"2024-08-27T17:41:59","slug":"catamaran-sunsation","status":"publish","type":"product","link":"https:\/\/famtraveltours.com.mx\/?product=catamaran-sunsation","title":{"rendered":"CATAMAR\u00c1N SUNSATION"},"content":{"rendered":"<p>*! elementor &#8211; v3.12.1 &#8211; 02-04-2023 *\/<br \/>\n.elementor-heading-title{padding:0;margin:0;line-height:1}.elementor-widget-heading .elementor-heading-title[class*=elementor-size-]&gt;a{color:inherit;font-size:inherit;line-height:inherit}.elementor-widget-heading .elementor-heading-title.elementor-size-small{font-size:15px}.elementor-widget-heading .elementor-heading-title.elementor-size-medium{font-size:19px}.elementor-widget-heading .elementor-heading-title.elementor-size-large{font-size:29px}.elementor-widget-heading .elementor-heading-title.elementor-size-xl{font-size:39px}.elementor-widget-heading .elementor-heading-title.elementor-size-xxl{font-size:59px}<\/p>\n","protected":false},"excerpt":{"rendered":"<p>\u00abEmb\u00e1rcate en una experiencia exclusiva para adultos con nuestro tour en catamar\u00e1n por Isla Mujeres, donde la diversi\u00f3n y el lujo se unen en un d\u00eda inolvidable. Comienza con un relajante veleo en catamar\u00e1n, disfrutando de la brisa marina y de nuestra barra libre nacional a bordo, que incluye ron, vodka, tequila, cervezas, aguas y refrescos.<\/p>\n<p>Al llegar al exclusivo Club de Playa AMAZONA, d\u00e9jate llevar por la m\u00fasica de un DJ en vivo mientras te sorprenden las balinesas. Disfruta de la barra libre nacional en un ambiente vibrante y lleno de energ\u00eda. Luego, deleita tu paladar con un lunch buffet premium que incluye una deliciosa parrillada acompa\u00f1ada de una copa de vino tinto o blanco en un restaurante exclusivo en Isla Mujeres.<\/p>\n<p>Para los m\u00e1s aventureros, te ofrecemos la oportunidad de hacer snorkel en el Meco y nadar en las aguas cristalinas de Blanquizal. Adem\u00e1s, podr\u00e1s explorar el entorno natural con actividades como kayak, paddleboard y bicicletas.<\/p>\n<p>El d\u00eda culmina con un espectacular veleo al atardecer, donde los adultos podr\u00e1n disfrutar de una fiesta exclusiva para mayores de 18 a\u00f1os, mientras el sol se esconde en el horizonte. Con servicio de transportaci\u00f3n redonda, este tour te ofrece una experiencia de lujo, diversi\u00f3n y aventura en el para\u00edso caribe\u00f1o.<\/p>\n<p>\u00a1\u00danete a nosotros y vive un d\u00eda que nunca olvidar\u00e1s!\u00bb<\/p>\n","protected":false},"featured_media":10770,"comment_status":"open","ping_status":"closed","template":"","meta":[],"product_cat":[56],"product_tag":[],"class_list":{"0":"post-10769","1":"product","2":"type-product","3":"status-publish","4":"has-post-thumbnail","6":"product_cat-islamujeres","8":"first","9":"instock","10":"shipping-taxable","11":"product-type-simple"},"_links":{"self":[{"href":"https:\/\/famtraveltours.com.mx\/index.php?rest_route=\/wp\/v2\/product\/10769"}],"collection":[{"href":"https:\/\/famtraveltours.com.mx\/index.php?rest_route=\/wp\/v2\/product"}],"about":[{"href":"https:\/\/famtraveltours.com.mx\/index.php?rest_route=\/wp\/v2\/types\/product"}],"replies":[{"embeddable":true,"href":"https:\/\/famtraveltours.com.mx\/index.php?rest_route=%2Fwp%2Fv2%2Fcomments&post=10769"}],"wp:featuredmedia":[{"embeddable":true,"href":"https:\/\/famtraveltours.com.mx\/index.php?rest_route=\/wp\/v2\/media\/10770"}],"wp:attachment":[{"href":"https:\/\/famtraveltours.com.mx\/index.php?rest_route=%2Fwp%2Fv2%2Fmedia&parent=10769"}],"wp:term":[{"taxonomy":"product_cat","embeddable":true,"href":"https:\/\/famtraveltours.com.mx\/index.php?rest_route=%2Fwp%2Fv2%2Fproduct_cat&post=10769"},{"taxonomy":"product_tag","embeddable":true,"href":"https:\/\/famtraveltours.com.mx\/index.php?rest_route=%2Fwp%2Fv2%2Fproduct_tag&post=10769"}],"curies":[{"name":"wp","href":"https:\/\/api.w.org\/{rel}","templated":true}]}}